Let h be a(-3). Let p = -1575 + h. Suppose -6*w = -251 - p. List the prime factors of w.
3, 73
Let l = -20 + 25. Suppose l*h = 3*v - 1173, -h + 2*h = -2*v + 795. Suppose -3*q + 2*u = -220, u = -5*q - 3*u + v. What are the prime factors of q?
2, 19
Let p(n) = -28*n - 12. Let y = -13 + 17. Let k be p(y). Let s = -57 - k. What are the prime factors of s?
67
Suppose -21*h - 25*h = -215510. What are the prime factors of h?
5, 937
Suppose -135*q + 145*q - 4447 = 174743. List the prime factors of q.
3, 11, 181
Suppose 0 = 225*d - 223*d + 5*k - 110754, 5*k = -5*d + 276900. List the prime factors of d.
2, 27691
Let w = 259 + -255. Suppose -w*l = -5*o - 1227, o - 609 = -2*l + 2*o. What are the prime factors of l?
3, 101
Let b = -716 - -804. Let o = 1 - -2. Suppose 2*z + z = -5*w + b, 168 = 5*z + o*w. List the prime factors of z.
2, 3
Let c = 414 + -408. Suppose -5*x + 5*u + 4675 = 0, c*x - 5*u - 1855 = 4*x. What are the prime factors of x?
2, 5, 47
Suppose 0 = -66*f + 1275331 + 842807. What are the prime factors of f?
67, 479
Suppose -4*v - 5*u + 24 = -4*u, -2*v + 5*u = 10. Suppose v*x + 4769 = 4*i, 3*i = -5*x - 760 + 4363. List the prime factors of i.
2, 13, 23
Suppose -661 = 11*k + 1407. Let f = k + 1325. What are the prime factors of f?
3, 379
Let z be 0 + 21/(105/(-14750)). Let j = -1608 - z. List the prime factors of j.
2, 11, 61
Let y = -109 - -61. Let z = 76 + y. Suppose -367 = -5*b + z. List the prime factors of b.
79
Suppose 0 = -97*i + 1169508 + 46096. What are the prime factors of i?
2, 13, 241
Let m = 5 + -8. Let w be (m/(-2))/((-4)/(440/(-15))). What are the prime factors of (0 + 2/3)/(w/1815)?
2, 5, 11
Let u be (-1 + 31/3)*(211 - 205). List the prime factors of 8/(u/(-21)) + 116.
113
Let u = -50 + 65. Suppose u*g - 124 = 281. Let y = g - -77. List the prime factors of y.
2, 13
Let r = 134 - 54. Suppose 4*i - 4633 = -5*f, 76*i - 5775 = 71*i - 3*f. Suppose -74*o = -r*o + i. List the prime factors of o.
2, 3
Suppose 5*p + 15072 = 4*c, 135*c - 2*p = 131*c + 15060. What are the prime factors of c?
53, 71
Let u(k) = -k**2 + 25*k - 37. Let b be u(18). Let l(p) = -90*p + 186*p - b*p - p**3 - 4 - 13*p**2. List the prime factors of l(-14).
2, 47
Let l be (312/(-36))/(8/(-564)). Let u = l - 390. What are the prime factors of u?
13, 17
List the prime factors of (3435/(-10))/(12/(-168)).
3, 7, 229
Let n = 34528 - 18091. List the prime factors of n.
3, 5479
Let o(s) = -s**2 - 12*s - 34. Let b be o(-8). What are the prime factors of (-1098)/(-11) - 3*b/33?
2, 5
Let q(c) = -c**2 + 17*c + 4. Let z be q(16). What are the prime factors of (2105/(-20))/((-5)/z)?
421
Let j(d) = 4391*d - 81. What are the prime factors of j(2)?
7, 11, 113
Suppose -5*x = -4*j + 10, 4*x = j + 2*j - 7. Suppose x*m - 2*r = 488, -5*r = 5*m - 1632 + 362. Suppose -4*s + m + 599 = 0. What are the prime factors of s?
2, 53
Let m(g) = 18*g**2 + 6*g - 4. Let c be m(-2). What are the prime factors of 109080/c - (-1)/7?
2, 487
Let t(n) = 13*n + 17. Suppose 6 = -2*r - 5*o, 3*r = -r + 5*o + 48. Let a be t(r). Suppose -a = -4*u + 28. List the prime factors of u.
2, 17
Suppose -5*u + 4*z + 41 = 10, 0 = 3*u - z - 13. Suppose -l + 6*f - 4*f + 162 = 0, 0 = 4*l + u*f - 692. List the prime factors of l.
2, 5, 17
Let k be 72/(-96)*304/(-1). Let c = k + -159. Let z = c - 59. What are the prime factors of z?
2, 5
Let s be (5 + -10)*(-4 + -1 - -4). Suppose -3*y = 5*w - 6*y - 1760, -3*w - s*y + 1022 = 0. List the prime factors of w.
349
Let j(y) = -17*y + 231. Let g be j(13). List the prime factors of 65/2*g*216/150.
2, 3, 13
Let i(a) = 35*a**2 + 2*a + 11. Let q be i(4). Suppose 6*y - 1305 = q. List the prime factors of y.
2, 157
Let o(i) = i - 5. Let j be o(8). Suppose -6*m + 2*m - 44 = -5*a, 6 = m + j*a. What are the prime factors of m/(-33) + (-2575)/(-55)?
47
Suppose -2*q + 222 = -j - 175, 5*q = -4*j + 1012. Let t = q + 106. List the prime factors of t.
2, 3, 17
Let c = 327 - 294. Suppose 0 = -12*u + c*u - 3402. What are the prime factors of u?
2, 3
Let q(j) = 425*j + 2745. List the prime factors of q(-5).
2, 5, 31
Suppose -3*l = -z - 47009, 16*z - 62652 = -4*l + 12*z. List the prime factors of l.
2, 3917
Suppose -23 = -4*v - 3. Let r = -3034 + 3041. Suppose v*g = r*g - 186. List the prime factors of g.
3, 31
Suppose -4*d + 3*i = -0*d - 3679, -3*d + 3*i + 2760 = 0. Suppose 3*x = -t + 64 + d, 0 = -4*x + 3*t + 1328. What are the prime factors of x?
7, 47
Suppose -5*r + 2380 = 4*m, 24*m = 26*m + 2*r - 1190. What are the prime factors of m?
5, 7, 17
Let c(p) = -p**3 + 71*p**2 - 4*p + 2696. What are the prime factors of c(67)?
2, 7, 13
Let a be (0 - 28/16)*(23 + 1). Let n(r) = -45*r - 351. What are the prime factors of n(a)?
3, 19
Let u(r) = -4644*r - 2797. What are the prime factors of u(-7)?
11, 37, 73
Let m(u) be the first derivative of -13*u**2/2 + 28*u - 104. List the prime factors of m(-5).
3, 31
Let u be (1529 - (-3)/(-1)) + -1. Suppose 256*h - 261*h = -u. What are the prime factors of h?
5, 61
Let f(n) = n**3 - 10*n**2 - 5*n - 14. Let t(j) = j**3 + 7*j**2 - 10*j - 1. Let q be t(-8). Suppose 0 = -6*u - q + 81. List the prime factors of f(u).
2, 13
Let s be 24/(-3) + 50/5. Suppose -2*d + 3 + 3 = 0, s*d = 4*p - 3106. What are the prime factors of p?
2, 389
Let p = -8583 - -32825. List the prime factors of p.
2, 17, 23, 31
Let y(z) = z**2 - 5*z + 164. Suppose 0 = 17*w - 101 - 69. List the prime factors of y(w).
2, 107
Let k = -68 - -71. What are the prime factors of 236 + -3 + 0/k?
233
Let o = -30719 + 52179. What are the prime factors of o?
2, 5, 29, 37
Suppose -4*o = -4979 - 7993. Suppose 3*k = 3*a + o, 3*k = -3*a - 2*a + 3219. List the prime factors of k.
2, 7, 11
Let u(f) = 6*f - 69. Let w be u(12). Suppose -8*t = -w*t - 1440. List the prime factors of t.
2, 3
Let w = 11116 - -2356. List the prime factors of w.
2, 421
Let t be 1*2 + (-1)/(4/(-40)). Let p(l) = l - 12. Let q be p(t). Suppose q = 3*n + 6 - 24. List the prime factors of n.
2, 3
Let g = -96 + 118. Suppose -5*f = -g*f + 816. What are the prime factors of f?
2, 3
List the prime factors of (-2720221)/(-245) - (-8)/140.
3, 3701
Suppose -241*v + 2381392 = -33*v. What are the prime factors of v?
107
Let g(z) = -484*z - 1574. What are the prime factors of g(-34)?
2, 7, 1063
Let i(j) = -149*j**2 + 14*j - 13. Let k be i(1). Let s = k - -201. List the prime factors of s.
53
Suppose 0 = -11*p + 14*p - 15. Suppose -p*s + 3471 + 1064 = 0. What are the prime factors of s?
907
Suppose -205*y = -200*y - 40. Suppose 0 = -a - 4*c + 1221, -11*a + 3743 = -y*a - 4*c. What are the prime factors of a?
17, 73
Let v = 92 - 211. Let j = v - -210. What are the prime factors of j?
7, 13
Suppose -3*g + 7944 = 4*r - 24731, 0 = 5*r - 5*g - 40870. List the prime factors of r.
8171
What are the prime factors of ((-90)/20 - 15)*-170?
3, 5, 13, 17
Suppose -5*z - l + 25 = -3*l, -4*z + 37 = -5*l. Suppose 5*m - 3*p = 2661, z*p - 1052 = -2*m - 2*p. List the prime factors of m.
3, 59
Let r(z) = z - 7. Let g be r(9). Suppose g*u + 753 = j, -2309 = -3*j - 0*u - 4*u. List the prime factors of j.
7, 109
Let p = 12589 - 3857. List the prime factors of p.
2, 37, 59
Suppose 2*x - 912 = 2*h, 4*x - 4*h = -8*h + 1816. Suppose 7*s = 4305 - x. List the prime factors of s.
2, 5, 11
Suppose 5*s = 2*s - 855. Let k = 460 + s. List the prime factors of k.
5, 7
Let d(x) = 15*x**2 - 102*x + 2374. List the prime factors of d(42).
2, 5, 491
Suppose 3*x = -2*c + 25, 2*c - 27 + 8 = -x. What are the prime factors of 46/(-8)*(48/c - 34)?
7, 23
Let t(u) = -40*u**3 - 5*u**2 + 8. Let v(p) = -119*p**3 - 15*p**2 + 23. Let f(g) = 11*t(g) - 4*v(g). What are the prime factors of f(2)?
2, 19
Suppose 42*o + 5705 = 25403. Let c = o + -292. List the prime factors of c.
3, 59
Let f = 14738 - -844. What are the prime factors of f?
2, 3, 7, 53
Let q(t) = 884*t - 70. Let u be q(2). Suppose -5*z + 4239 = 3*w, 19*w = 2*z + 21*w - u. What are the prime factors of z?
2, 3, 47
Let o = 556 + -552. Suppose -8*d + 753 = 2*c - 7*d, o*c - 1516 = -4*d. What are the prime factors of c?
2, 11, 17
Let o = 54 + -57. Let m be o + (-8)/(-4) + 3. Suppose 4*x - 750 = -m*x. List the prime factors of x.
5
Suppose 4*w = -4, -5*v + 1477 = 3*w - 0*w. Suppose -7*o + 1460 = -2*o - 5*j, o - v = 2*j. List the prime factors of o.
2, 3
Supp